{"id":3129,"date":"2022-01-14T11:11:15","date_gmt":"2022-01-14T11:11:15","guid":{"rendered":"https:\/\/www.sandamiano.store\/store\/?post_type=product&#038;p=3129"},"modified":"2022-01-14T17:15:14","modified_gmt":"2022-01-14T17:15:14","slug":"statue-coloree-notre-dame-des-roses-nouveaute-cm-30-copia","status":"publish","type":"product","link":"https:\/\/www.sandamiano.store\/store\/prodotto\/statue-coloree-notre-dame-des-roses-nouveaute-cm-30-copia\/?lang=fr","title":{"rendered":"Statue blanche et dor\u00e9e Notre Dame des Roses &#8220;NOUVEAUTE&#8221; cm 30 (Elle s&#8217;\u00e9claire dans la nuit)"},"content":{"rendered":"","protected":false},"excerpt":{"rendered":"<p>Statue blanche et dor\u00e9e Notre Dame des Roses &#8220;NOUVEAUTE&#8221; <strong>Phosphorescente<\/strong> cm 30.<br \/>\nR\u00e9alis\u00e9e par un artisan de Toscane avec la technique de la coul\u00e9e pleine en poudre de marbre, r\u00e9sine et Phosphore <strong>(Elle s&#8217;\u00e9claire dans la nuit).<\/strong><br \/>\nPossibilit\u00e9 de la placer \u00e0 l&#8217;int\u00e9rieur comme \u00e0 l&#8217;ext\u00e9rieur.<br \/>\n<strong>Fournie avec certification Made in Toscane.<\/strong><\/p>\n<p>&nbsp;<\/p>\n","protected":false},"featured_media":3132,"template":"","meta":{"_monsterinsights_skip_tracking":false,"_monsterinsights_sitenote_active":false,"_monsterinsights_sitenote_note":"","_monsterinsights_sitenote_category":0},"product_brand":[],"product_cat":[58],"product_tag":[],"class_list":{"0":"post-3129","1":"product","2":"type-product","3":"status-publish","4":"has-post-thumbnail","6":"product_cat-statue-fr","8":"first","9":"outofstock","10":"featured","11":"taxable","12":"shipping-taxable","13":"purchasable","14":"product-type-simple"},"_links":{"self":[{"href":"https:\/\/www.sandamiano.store\/store\/wp-json\/wp\/v2\/product\/3129","targetHints":{"allow":["GET"]}}],"collection":[{"href":"https:\/\/www.sandamiano.store\/store\/wp-json\/wp\/v2\/product"}],"about":[{"href":"https:\/\/www.sandamiano.store\/store\/wp-json\/wp\/v2\/types\/product"}],"wp:featuredmedia":[{"embeddable":true,"href":"https:\/\/www.sandamiano.store\/store\/wp-json\/wp\/v2\/media\/3132"}],"wp:attachment":[{"href":"https:\/\/www.sandamiano.store\/store\/wp-json\/wp\/v2\/media?parent=3129"}],"wp:term":[{"taxonomy":"product_brand","embeddable":true,"href":"https:\/\/www.sandamiano.store\/store\/wp-json\/wp\/v2\/product_brand?post=3129"},{"taxonomy":"product_cat","embeddable":true,"href":"https:\/\/www.sandamiano.store\/store\/wp-json\/wp\/v2\/product_cat?post=3129"},{"taxonomy":"product_tag","embeddable":true,"href":"https:\/\/www.sandamiano.store\/store\/wp-json\/wp\/v2\/product_tag?post=3129"}],"curies":[{"name":"wp","href":"https:\/\/api.w.org\/{rel}","templated":true}]}}