{"id":3176,"date":"2022-01-15T15:09:39","date_gmt":"2022-01-15T15:09:40","guid":{"rendered":"https:\/\/www.sandamiano.store\/store\/?post_type=product&#038;p=3176"},"modified":"2022-01-15T17:59:38","modified_gmt":"2022-01-15T17:59:38","slug":"statue-sacre-coeur-de-jesus-coloree-cm-30-copia","status":"publish","type":"product","link":"https:\/\/www.sandamiano.store\/store\/prodotto\/statue-sacre-coeur-de-jesus-coloree-cm-30-copia\/?lang=fr","title":{"rendered":"Statue Sacr\u00e9 Coeur de J\u00e9sus color\u00e9e Made in Toscane cm 15"},"content":{"rendered":"","protected":false},"excerpt":{"rendered":"<p>Statue Sacr\u00e9 Coeur de J\u00e9sus color\u00e9e\u00a0 &#8220;NOUVEAUTE&#8221; <strong>peinte \u00e0 la main<\/strong> r\u00e9alis\u00e9e par un artisan de Toscane (qui Le repr\u00e9sente en b\u00e9nissant) en poudre de marbre et r\u00e9sine.<br \/>\nPossibilit\u00e9 de la placer \u00e0 l&#8217;int\u00e9rieur comme \u00e0 l&#8217;ext\u00e9rieur.<br \/>\nFournie avec certification <strong>Made in Toscane<\/strong><\/p>\n","protected":false},"featured_media":3180,"template":"","meta":{"_monsterinsights_skip_tracking":false,"_monsterinsights_sitenote_active":false,"_monsterinsights_sitenote_note":"","_monsterinsights_sitenote_category":0},"product_brand":[],"product_cat":[58],"product_tag":[],"class_list":{"0":"post-3176","1":"product","2":"type-product","3":"status-publish","4":"has-post-thumbnail","6":"product_cat-statue-fr","8":"first","9":"instock","10":"taxable","11":"shipping-taxable","12":"purchasable","13":"product-type-simple"},"_links":{"self":[{"href":"https:\/\/www.sandamiano.store\/store\/wp-json\/wp\/v2\/product\/3176","targetHints":{"allow":["GET"]}}],"collection":[{"href":"https:\/\/www.sandamiano.store\/store\/wp-json\/wp\/v2\/product"}],"about":[{"href":"https:\/\/www.sandamiano.store\/store\/wp-json\/wp\/v2\/types\/product"}],"wp:featuredmedia":[{"embeddable":true,"href":"https:\/\/www.sandamiano.store\/store\/wp-json\/wp\/v2\/media\/3180"}],"wp:attachment":[{"href":"https:\/\/www.sandamiano.store\/store\/wp-json\/wp\/v2\/media?parent=3176"}],"wp:term":[{"taxonomy":"product_brand","embeddable":true,"href":"https:\/\/www.sandamiano.store\/store\/wp-json\/wp\/v2\/product_brand?post=3176"},{"taxonomy":"product_cat","embeddable":true,"href":"https:\/\/www.sandamiano.store\/store\/wp-json\/wp\/v2\/product_cat?post=3176"},{"taxonomy":"product_tag","embeddable":true,"href":"https:\/\/www.sandamiano.store\/store\/wp-json\/wp\/v2\/product_tag?post=3176"}],"curies":[{"name":"wp","href":"https:\/\/api.w.org\/{rel}","templated":true}]}}